 239377787 composite?
True
Is 53169609211 a prime number?
True
Is 31090677047 prime?
True
Is 1199478433 a composite number?
False
Is 64796631535 a prime number?
False
Is 1187839553 a prime number?
False
Is 75919013 composite?
True
Is 653177309 composite?
False
Is 55342161319 a composite number?
True
Is 127283587649 a composite number?
False
Is 12214732819 composite?
True
Is 2993944061 prime?
True
Is 873365159 prime?
True
Is 6266292643 a prime number?
False
Is 353582969 composite?
False
Is 281782854429 a prime number?
False
Is 1504634279 prime?
True
Is 2840180201 composite?
False
Is 3179074481 a prime number?
False
Is 654658307 composite?
False
Is 37751136793 a prime number?
True
Is 12453309173 prime?
True
Is 2080165289 prime?
True
Is 44382823 a prime number?
True
Is 4265422781 a composite number?
True
Is 38523789209 composite?
True
Is 2772027509 composite?
False
Is 9411846749 prime?
True
Is 274846699 a prime number?
False
Is 11818867481 a composite number?
False
Is 404903074 composite?
True
Is 1841288647 prime?
False
Is 1506421937 a prime number?
False
Is 1016858377 composite?
True
Is 9880375723 a composite number?
False
Is 3909981433 a composite number?
False
Is 25368584809 a prime number?
False
Is 983666282 a prime number?
False
Is 6197835379 prime?
True
Is 53994907 a prime number?
False
Is 2646114529 a composite number?
False
Is 10043541091 prime?
True
Is 461919191 composite?
True
Is 3610231787 prime?
True
Is 296275163 a prime number?
True
Is 2526344981 a composite number?
False
Is 1759755899 prime?
False
Is 5110551451 composite?
True
Is 1294494601 a prime number?
False
Is 609647179 a composite number?
False
Is 4625065241 a composite number?
False
Is 14761938067 prime?
False
Is 47768378527 prime?
True
Is 1355036809 prime?
False
Is 21379863191 a prime number?
False
Is 16702289137 a prime number?
False
Is 7208503441 a prime number?
False
Is 14735510467 composite?
False
Is 3687149027 a prime number?
True
Is 13924891699 a composite number?
True
Is 12326756509 prime?
True
Is 4583415251 a composite number?
True
Is 3063440593 prime?
False
Is 87828509 composite?
False
Is 269555063 prime?
True
Is 7624214411 composite?
True
Is 714850165 prime?
False
Is 19048453 composite?
True
Is 258120551 a prime number?
False
Is 249047179 a prime number?
True
Is 23306021 composite?
False
Is 6945589699 a prime number?
True
Is 12341821741 prime?
True
Is 26804714017 prime?
False
Is 2707325111 a composite number?
False
Is 12282756719 a prime number?
True
Is 18921039827 prime?
False
Is 20306187953 a prime number?
True
Is 1836142897 a prime number?
True
Is 13188037906 composite?
True
Is 2506601326 composite?
True
Is 5055966659 composite?
False
Is 39892784599 a composite number?
False
Is 29302631777 a composite number?
True
Is 2828618333 a prime number?
True
Is 94075965163 prime?
False
Is 536686603 a composite number?
False
Is 10180302367 prime?
True
Is 3346239647 a composite number?
False
Is 2340692777 composite?
True
Is 1456332593 a composite number?
True
Is 15654861601 a composite number?
True
Is 76647803 prime?
True
Is 3238239853 composite?
True
Is 33504621077 composite?
False
Is 27345140051 a composite number?
False
Is 251903904211 prime?
True
Is 331108343 a composite number?
False
Is 2189570137 prime?
False
Is 14624261063 a composite number?
True
Is 86701319 composite?
False
Is 5372328791 a prime number?
True
Is 42768670619 prime?
True
Is 876884161 a prime number?
True
Is 864691771 composite?
False
Is 171330721 a prime number?
True
Is 210483586315 a prime number?
False
Is 12204953 prime?
True
Is 1349580371 composite?
False
Is 151490761 a prime number?
True
Is 30727216003 a composite number?
True
Is 59431155467 a composite number?
True
Is 9889618943 prime?
False
Is 1731032299 a prime number?
True
Is 939485177 composite?
False
Is 1755956261 a composite number?
False
Is 6533035001 composite?
True
Is 3067406047 a prime number?
False
Is 264943817 a composite number?
False
Is 916556483 a composite number?
False
Is 202157495 a composite number?
True
Is 190078319 composite?
True
Is 17043271657 composite?
False
Is 971711733 a prime number?
False
Is 3626262919 composite?
True
Is 1833739021 a composite number?
False
Is 3006444403 prime?
True
Is 5745347651 a prime number?
True
Is 2173032557 composite?
True
Is 103619816221 a composite number?
True
Is 15261811 a composite number?
True
Is 1690964689 composite?
False
Is 283092053299 a composite number?
True
Is 2479539577 prime?
False
Is 9221883761 a prime number?
False
Is 1214622741 prime?
False
Is 55527946739 composite?
False
Is 75278047553 a composite number?
False
Is 81052937731 prime?
False
Is 56044895359 a prime number?
True
Is 92545716899 prime?
False
Is 33941450789 prime?
True
Is 313394071 prime?
False
Is 25319158153 prime?
False
Is 6268045117 a prime number?
False
Is 298685239751 a composite number?
True
Is 21559909 a prime number?
False
Is 116457149749 composite?
True
Is 42902294599 a prime number?
True
Is 1510571 composite?
True
Is 54095162291 composite?
False
Is 16087948979 a composite number?
False
Is 33488410099 a prime number?
False
Is 2312425547 composite?
True
Is 789442649 composite?
False
Is 272954173 prime?
False
Is 11236964311 prime?
True
Is 3852629134 prime?
False
Is 573966565 composite?
True
Is 4858577063 a composite number?
True
Is 16292251949 a composite number?
True
Is 16814649239 composite?
True
Is 2219186773 a composite number?
True
Is 1624318667 composite?
False
Is 2571943819 a prime number?
True
Is 12076437683 composite?
False
Is 559603427 a prime number?
False
Is 841540327 prime?
True
Is 2531539679 composite?
False
Is 337205273 prime?
True
Is 1130034739 a prime number?
False
Is 7577711017 a composite number?
True
Is 867026917 a composite number?
False
Is 3442751033 prime?
False
Is 51018293 composite?
False
Is 60344293 a composite number?
False
Is 19389436177 a composite number?
False
Is 2699984327 composite?
False
Is 1765169209 prime?
False
Is 26147998021 a prime number?
True
Is 1933812389 composite?
True
Is 28622907869 prime?
False
Is 256829177 composite?
True
Is 2134361677 prime?
False
Is 5193066223 a composite number?
True
Is 62478428801 a composite number?
True
Is 563552413 a composite number?
True
Is 8062976023 prime?
True
Is 15587701817 a prime number?
True
Is 69869171 composite?
True
Is 81406070611 composite?
True
Is 73494166579 a composite number?
False
Is 934932529 a composite number?
False
Is 74708170421 a prime number?
True
Is 5324595313 a composite number?
True
Is 3103395553 a prime number?
False
Is 4215845843 a prime number?
False
Is 3168122369 prime?
True
Is 4179214441 a prime number?
True
Is 11164536739 prime?
True
Is 8351085263 a prime number?
True
Is 610389191 prime?
True
Is 1504495469 a prime number?
True
Is 949576337 composite?
False
Is 139334807 a prime number?
False
Is 39337006283 prime?
False
Is 33130175311 composite?
True
Is 5284446267 composite?
True
Is 3048009149 composite?
True
Is 58350938287 a prime number?
False
Is 1243146847 a composite number?
True
Is 79523579 a prime number?
False
Is 5353012099 a prime number?
False
Is 7586688383 a prime number?
True
Is 2363915581 a prime number?
False
Is 917700697 a composite number?
True
Is 2406932831 prime?
False
Is 7474431163 composite?
False
Is 2143778435 prime?
False
Is 1271501074 a composite number?
True
Is 37224183901 a composite number?
False
Is 8250707309 a prime number?
False
Is 26555702315 a prime number?
False
Is 882165569 a composite number?
False
Is 30390085793 a prime number?
False
Is 207739849 composite?
True
Is 3966517151 prime?
True
Is 5232083537 a composite number?
False
Is 33034761143 composite?
True
Is 743048743 a prime number?
False
Is 21761234069 prime?
False
Is 36347000933 prime?
True
Is 340277301203 a composite number?
True
Is 2654434031 composite?
False
Is 163497935 composite?
True
Is 175711313 a composite number?
True
Is 26987627479 a prime number?
True
Is 863389169 a prime number?
True
Is 318706127723 a composite number?
False
Is 448378841 composite?
False
Is 769791101 a prime number?
False
Is 1749611 a prime number?
True
Is 189346817 a composite number?
True
Is 63569913643 composite?
True
Is 2478223193 composite?
False
Is 938361481 prime?
False
Is 12716850829 a composite number?
True
Is 32811791423 a prim